{"id":1293,"date":"2025-04-06T13:15:56","date_gmt":"2025-04-06T13:15:56","guid":{"rendered":"https:\/\/bizlandgroup.com\/?page_id=1293"},"modified":"2025-04-06T13:16:46","modified_gmt":"2025-04-06T13:16:46","slug":"gorevimiz","status":"publish","type":"page","link":"https:\/\/bizlandgroup.com\/?page_id=1293&lang=tr","title":{"rendered":"G\u00f6revimiz"},"content":{"rendered":"\t\t<div data-elementor-type=\"wp-page\" data-elementor-id=\"1293\" class=\"elementor elementor-1293\">\n\t\t\t\t\t\t\t<div class=\"elementor-element elementor-element-637a4e9 e-flex e-con-boxed e-con e-parent\" data-id=\"637a4e9\" data-element_type=\"container\" data-settings=\"{&quot;content_width&quot;:&quot;boxed&quot;}\" data-core-v316-plus=\"true\">\n\t\t\t\t\t<div class=\"e-con-inner\">\n\t\t\t\t<div class=\"elementor-element elementor-element-665e241 elementor-widget elementor-widget-text-editor\" data-id=\"665e241\" data-element_type=\"widget\" data-widget_type=\"text-editor.default\">\n\t\t\t\t<div class=\"elementor-widget-container\">\n\t\t\t<style>\/*! elementor - v3.18.0 - 04-12-2023 *\/\n.elementor-widget-text-editor.elementor-drop-cap-view-stacked .elementor-drop-cap{background-color:#69727d;color:#fff}.elementor-widget-text-editor.elementor-drop-cap-view-framed .elementor-drop-cap{color:#69727d;border:3px solid;background-color:transparent}.elementor-widget-text-editor:not(.elementor-drop-cap-view-default) .elementor-drop-cap{margin-top:8px}.elementor-widget-text-editor:not(.elementor-drop-cap-view-default) .elementor-drop-cap-letter{width:1em;height:1em}.elementor-widget-text-editor .elementor-drop-cap{float:left;text-align:center;line-height:1;font-size:50px}.elementor-widget-text-editor .elementor-drop-cap-letter{display:inline-block}<\/style>\t\t\t\t<p>Bu \u015firketin misyonu, faaliyet alanlar\u0131nda etik ticaret ilkelerine ba\u011fl\u0131 kalarak ve ak\u0131ll\u0131 ileti\u015fim yollar\u0131n\u0131 entegre ederek, yerli ve yabanc\u0131 m\u00fc\u015fterilerle en b\u00fcy\u00fck kar\u015f\u0131l\u0131kl\u0131 i\u015f birli\u011fi platformunu olu\u015fturmakd\u0131r.<\/p>\t\t\t\t\t\t<\/div>\n\t\t\t\t<\/div>\n\t\t\t\t\t<\/div>\n\t\t\t\t<\/div>\n\t\t\t\t\t\t\t<\/div>\n\t\t","protected":false},"excerpt":{"rendered":"<p>Bu \u015firketin misyonu, faaliyet alanlar\u0131nda etik ticaret ilkelerine ba\u011fl\u0131 kalarak ve ak\u0131ll\u0131 ileti\u015fim yollar\u0131n\u0131 entegre ederek, yerli ve yabanc\u0131 m\u00fc\u015fterilerle en b\u00fcy\u00fck kar\u015f\u0131l\u0131kl\u0131 i\u015f birli\u011fi platformunu olu\u015fturmakd\u0131r.<\/p>\n","protected":false},"author":1,"featured_media":0,"parent":0,"menu_order":0,"comment_status":"closed","ping_status":"closed","template":"","meta":{"footnotes":""},"class_list":["post-1293","page","type-page","status-publish","hentry","entry","owp-thumbs-layout-horizontal","owp-btn-normal","owp-tabs-layout-horizontal","has-no-thumbnails","has-product-nav"],"lang":"tr","translations":{"tr":1293,"en":1007},"pll_sync_post":[],"_links":{"self":[{"href":"https:\/\/bizlandgroup.com\/index.php?rest_route=\/wp\/v2\/pages\/1293","targetHints":{"allow":["GET"]}}],"collection":[{"href":"https:\/\/bizlandgroup.com\/index.php?rest_route=\/wp\/v2\/pages"}],"about":[{"href":"https:\/\/bizlandgroup.com\/index.php?rest_route=\/wp\/v2\/types\/page"}],"author":[{"embeddable":true,"href":"https:\/\/bizlandgroup.com\/index.php?rest_route=\/wp\/v2\/users\/1"}],"replies":[{"embeddable":true,"href":"https:\/\/bizlandgroup.com\/index.php?rest_route=%2Fwp%2Fv2%2Fcomments&post=1293"}],"version-history":[{"count":4,"href":"https:\/\/bizlandgroup.com\/index.php?rest_route=\/wp\/v2\/pages\/1293\/revisions"}],"predecessor-version":[{"id":1297,"href":"https:\/\/bizlandgroup.com\/index.php?rest_route=\/wp\/v2\/pages\/1293\/revisions\/1297"}],"wp:attachment":[{"href":"https:\/\/bizlandgroup.com\/index.php?rest_route=%2Fwp%2Fv2%2Fmedia&parent=1293"}],"curies":[{"name":"wp","href":"https:\/\/api.w.org\/{rel}","templated":true}]}}